 9, what is -3 - -18800884?
18800881
In base 7, what is 5232 + -131133?
-122601
In base 13, what is 19578 + 11?
19589
In base 16, what is -20ea + 332?
-1db8
In base 11, what is -250580 + -a85?
-251555
In base 16, what is 3baf440 - b?
3baf435
In base 3, what is 212122 - 220011222?
-212022100
In base 9, what is 12840 - 53144?
-40204
In base 11, what is -1043 - -1461?
419
In base 3, what is -102102 + 1021010010?
1020200201
In base 9, what is 0 + 5181071?
5181071
In base 16, what is -241e40 - 0?
-241e40
In base 11, what is 3312026a2 - -4?
3312026a6
In base 11, what is -54034 - -a83?
-53061
In base 10, what is -199555 - 64?
-199619
In base 6, what is -40041 + 32325?
-3312
In base 10, what is -3487 - 140843?
-144330
In base 8, what is 207 - 130226?
-130017
In base 11, what is -280 - -5323?
5053
In base 8, what is -15 - -1173567?
1173552
In base 4, what is -1 - -20201110100?
20201110033
In base 9, what is -4 + 44888134?
44888130
In base 5, what is 211 - -123010032?
123010243
In base 6, what is 3 + 32400155?
32400202
In base 8, what is 15213015 + 3?
15213020
In base 8, what is -23 - -17301?
17256
In base 3, what is 1 + -20012112022212?
-20012112022211
In base 13, what is 6 - -31c499?
31c4a2
In base 8, what is 45 - -2155416?
2155463
In base 16, what is -69d59 - 4?
-69d5d
In base 16, what is -1af46 - -4?
-1af42
In base 4, what is 33031212030 - -300?
33031212330
In base 3, what is 200020000 + -111010?
122201220
In base 9, what is -2 - 45050611?
-45050613
In base 7, what is 42050 - 56356?
-14306
In base 3, what is -10002201102112210 - -10?
-10002201102112200
In base 12, what is 202b0 - 676?
1b836
In base 7, what is 4 - -216260403?
216260410
In base 7, what is -10 + 1550151?
1550141
In base 7, what is -2046263 + -11?
-2046304
In base 5, what is 23 + -10240124341?
-10240124313
In base 5, what is 32 - 1042023243?
-1042023211
In base 13, what is 25aa + 107?
26b4
In base 8, what is -12766 + 3676?
-7070
In base 4, what is -200310 - -3000202?
2133232
In base 14, what is 19db8d - 1b?
19db72
In base 6, what is 233 + 142552?
143225
In base 4, what is 321303231 + -1233?
321301332
In base 2, what is -1 - 10010101010100000100010010?
-10010101010100000100010011
In base 2, what is -10110001 - 100100000100111001?
-100100000111101010
In base 7, what is 5501650 - -2413?
5504363
In base 4, what is 3033232132 + 11010?
3033303202
In base 15, what is 2 + -4115471?
-411546e
In base 2, what is -1100100011110101 - 10001000111?
-1100110100111100
In base 3, what is -20211002102 + 2001?
-20211000101
In base 3, what is -20221122201010101 - 11?
-20221122201010112
In base 4, what is -10122011030 - -31?
-10122010333
In base 6, what is 335 - 304224?
-303445
In base 3, what is 121212 - 2020221002112?
-2020220110200
In base 10, what is 218435795 - 4?
218435791
In base 11, what is 2 - -7863076?
7863078
In base 13, what is b0c2887 - 2?
b0c2885
In base 15, what is c9a0a0 - -5?
c9a0a5
In base 9, what is -208 - -16464?
16255
In base 15, what is 2 - 279368?
-279366
In base 4, what is 11131 - -3122102203?
3122120000
In base 13, what is 12307155 - 7?
1230714b
In base 11, what is -3 - 892133?
-892136
In base 13, what is 5 - -154399a0?
154399a5
In base 12, what is 7902 + 4b1?
81b3
In base 6, what is -5 + 25520351235?
25520351230
In base 3, what is -1001022110012 - -2011021?
-1001020021221
In base 3, what is -2200211011 - 210022000?
-10111010011
In base 6, what is 1015123 + -353?
1014330
In base 5, what is -4022 - 4104120?
-4113142
In base 15, what is 5d5 + 15?
5ea
In base 12, what is 354940 + 19?
354959
In base 8, what is 703522 + 26?
703550
In base 2, what is 1000 + 1001011101101101100?
1001011101101110100
In base 7, what is -10324 + -536512?
-550136
In base 5, what is 0 + -3302020143?
-3302020143
In base 4, what is -21232 - -101113?
13221
In base 14, what is 9 + 1811bc?
1811c7
In base 13, what is 8 + 5260?
5268
In base 7, what is 50446 + -2002?
45444
In base 7, what is 14244414 + -5?
14244406
In base 9, what is -4410 + -3201?
-7611
In base 5, what is 231202312122 + -4?
231202312113
In base 16, what is -b194e - 3e8?
-b1d36
In base 12, what is -b193a9 + 2?
-b193a7
In base 7, what is 23642523 + 31?
23642554
In base 4, what is -12031010223311 + 13?
-12031010223232
In base 4, what is -2020022302110 - -1?
-2020022302103
In base 13, what is -1 - 428852?
-428853
In base 8, what is 3024 + 50671?
53715
In base 7, what is 4 - 3412613634?
-3412613630
In base 16, what is -a52 + 3c91?
323f
In base 16, what is 3f68 - cbd7?
-8c6f
In base 3, what is -10110 + 101002112021?
101002101211
In base 9, what is -2 + -4562627?
-4562630
In base 10, what is 111290610 - -3?
111290613
In base 9, what is -1 - 1735523?
-1735524
In base 7, what is -134110 + 156?
-133621
In base 10, what is 3 - -4059376?
4059379
In base 6, what is -45012 - -11030?
-33542
In base 16, what is f6f - -ddd?
1d4c
In base 6, what is -101201 + -31125?
-132330
In base 16, what is 3 - -225be?
225c1
In base 8, what is -204 + 521320?
521114
In base 15, what is -b1d63 + 1a9?
-b1ba9
In base 9, what is -20107 - -10?
-20087
In base 16, what is 243b + 2e4c?
5287
In base 14, what is a76 + 4d8?
1170
In base 6, what is 3320313202 - 4?
3320313154
In base 15, what is 11bed86 - -5?
11bed8b
In base 2, what is 11010000011011111000001 + 1?
11010000011011111000010
In base 3, what is -22211 + -211000010110?
-211000110021
In base 8, what is 6360 - -326?
6706
In base 8, what is -6514 - 5300?
-14014
In base 8, what is 10664673 - -1276?
10666171
In base 7, what is 524030410 + 0?
524030410
In base 10, what is 13 - 30376?
-30363
In base 12, what is 8 - -3a22970?
3a22978
In base 4, what is -101010301231 + 0?
-101010301231
In base 3, what is -20122111 + -101010122?
-121210010
In base 7, what is 1030105212 + 4?
1030105216
In base 10, what is 359733 + 96?
359829
In base 3, what is 2012121211122220 - 0?
2012121211122220
In base 13, what is 13614 - 1581?
12063
In base 16, what is 9d2a + -2ab?
9a7f
In base 9, what is -4 + 4433010?
4433005
In base 3, what is -110 + 10112101102011?
10112101101201
In base 9, what is -11358303 - -47?
-11358245
In base 14, what is -362c6a + 0?
-362c6a
In base 14, what is 121 + -10d4a?
-10c29
In base 5, what is 11 - 13000034200?
-13000034134
In base 9, what is 13 + -10171545?
-10171532
In base 3, what is -21202210020022 + 2?
-21202210020020
In base 15, what is 499014 - 7b?
498e88
In base 5, what is 1214 + 23024444?
23031213
In base 3, what is -1122000210022 + 110?
-1122000202212
In base 6, what is 30 + -200242302?
-200242232
In base 12, what is -3540 + 1a30?
-1710
In base 7, what is -62563540 - -3?
-62563534
In base 10, what is 948 + 13002?
13950
In base 7, what is 1140 - -15416?
16556
In base 16, what is -402c7 - -14a?
-4017d
In base 12, what is 301 - -5a911?
5b012
In base 11, what is 4620427 + -52?
4620385
In base 7, what is 11 + -34663654?
-34663643
In base 8, what is 154 + 34451?
34625
In base 6, what is 10 - 114252540?
-114252530
In base 3, what is -11120 + 11010021?
10221201
In base 2, what is -1000001001110010001111 - -110010?
-1000001001110001011101
In base 6, what is -102445 - -3105114?
3002225
In base 15, what is 3 + -e92610?
-e9260c
In base 4, what is -232331232223 - 2?
-232331232231
In base 8, what is -275 - 3235461?
-3235756
In base 11, what is -542a8899 + 3?
-542a8896
In base 13, what is -4733c + 530?
-46b0c
In base 14, what is 7aa7bc + -22?
7aa79a
In base 13, what is b74915 - -4?
b74919
In base 2, what is 1000010100001 - -1101011111?
1010000000000
In base 9, what is 0 - 3820302?
-3820302
In base 15, what is -1de85 + -54?
-1ded9
In base 6, what is -30205 - -222131?
151522
In base 7, what is 14 + 604603?
604620
In base 11, what is 27 + -584911?
-584895
In base 9, what is 6573083 + -18?
6573064
In base 8, what is 12327510 + -5?
12327503
In base 6, what is 212212 + 41401?
254013
In base 8, what is 34 + -113417744?
-113417710
In base 7, what is 1521 - 1542041?
-1540220
In base 16, what is 2 + -8878ed?
-8878eb
In base 14, what is -306201 - 65?
-306266
In base 12, what is 3706 + -7a4?
2b22
In base 3, what is 20 - 1102001001001?
-1102001000211
In base 14, what is 1b52 + -452?
1700
In base 16, what is 5f - 44c7e?
-44c1f
In base 8, what is -10 - -17172737?
17172727
In base 13, what is -333154 - -55?
-3330cc
In base 6, what is 4 + 115211045?
115211053